901 is divided by u(9).
81
Suppose -7*f - f + 776 = 0. What is the remainder when f is divided by 17?
12
Let h = 45 + -13. Let q be 12 + -6 - 1*3. Suppose z - q*z = -h. What is the remainder when 46 is divided by z?
14
Calculate the remainder when -1*(-1225 - (-50)/(-5)) is divided by 7.
3
Let r = 551 - 195. What is the remainder when r is divided by 120?
116
Let f = 203 - 155. Calculate the remainder when 237 is divided by f.
45
Suppose 4*b - b = -2*r + 94, -3*r - 46 = -b. What is the remainder when 95 is divided by b?
27
Let o(k) be the third derivative of k**6/120 + 7*k**5/60 + k**4/4 - 7*k**3/6 - 9*k**2. Calculate the remainder when 75 is divided by o(-5).
10
Let g(u) be the third derivative of 4*u**5/15 - u**4/24 - u**3/2 - 9*u**2. What is the remainder when g(2) is divided by 16?
11
What is the remainder when (588/(-8))/(-3) - (-4)/8 is divided by 8?
1
Suppose -34 = -3*b + 14. Let f = 539 + -529. Calculate the remainder when b is divided by f.
6
Suppose t = 3*i, t = 5*t + 3*i. Let p = t - -97. Calculate the remainder when p is divided by 20.
17
Suppose 3*c = 5*u - u + 85, -64 = -2*c - u. Let a(k) = -k**2 - 8*k + 8. Let j be a(-10). Let s = 23 + j. Calculate the remainder when c is divided by s.
9
Let g be (-17 - -18)/((-2)/(-4)). Suppose -5*f - g*f = -84. What is the remainder when f is divided by 7?
5
Calculate the remainder when 44 is divided by 14/(-1 - -9 - 7).
2
Let n be (2/2)/(3/(-27)). Let h be 3792/54 + 2/n. Suppose 0 = 5*m + 10 - h. What is the remainder when 45 is divided by m?
9
Let q = 88 + -87. Calculate the remainder when (-1)/(q/(-23))*(-1 - -2) is divided by 13.
10
Suppose 4*j + 2*i - 49 = -9, 3*i = -4*j + 36. What is the remainder when (-5 + -1)/(2/(-19)) is divided by j?
9
Suppose 4*m - 52 = -3*y, y = -5*m - 21 + 86. Suppose -58 = -3*o - 5*g + 62, -3*g + 9 = 0. What is the remainder when o is divided by m?
9
Suppose 24*l = 25*l + 144. Let h = l - -201. Calculate the remainder when h is divided by 30.
27
Let j(l) = l**2 - 5*l. Let s be j(-9). What is the remainder when 9/(-2)*4/(-6) is divided by (-17)/(-7) + 72/s?
0
Suppose 2*r = 3*r - 12. Let z(c) = -c**2 - 16*c - 3. What is the remainder when z(-4) is divided by r?
9
Let u = 195 + -133. Let c = 11 + -4. Suppose -48 = -4*d - 4*k, -4*d + c*d - 64 = 4*k. What is the remainder when u is divided by d?
14
Suppose -3*r = -2*x + 189 + 54, x = -4*r - 324. Let c = r - -133. What is the remainder when c is divided by 27?
25
Let c = -1751 + 1785. What is the remainder when 208 is divided by c?
4
Suppose -5*j + 3*w = -25, -3*w = -w. Suppose -5*t + 148 = a, 0 = -2*t - 0*t - j*a + 50. Suppose 9*v - 21 - 78 = 0. What is the remainder when t is divided by v?
8
What is the remainder when (18 + -8)*(-70)/(-4) is divided by 92?
83
Suppose 0 = 3*g - u - 233, 4*g + 4*u + u = 336. What is the remainder when g is divided by 17?
11
Suppose 5*h - 67 = -3*y, 0*h - 76 = -4*y - 4*h. Let x = -8 + y. Calculate the remainder when 76 is divided by x.
4
Let r = 328 - 300. Calculate the remainder when 110 is divided by r.
26
Suppose -3*i - 134 + 938 = 0. Suppose -i = -3*z + w + 5, -w + 455 = 5*z. What is the remainder when z is divided by 19?
15
Let k be (-3)/(-9)*1 + (-169)/3. Let b = k - -103. Calculate the remainder when b is divided by 13.
8
Let a(u) = -6 - 1 + u + 1. Let t be (2 + -3 - 2) + 11/1. What is the remainder when 5 is divided by a(t)?
1
Suppose -3*w = -4*w - 2. Let q be w/(2 + -1)*-14. Let p = 49 - q. What is the remainder when p is divided by 8?
5
Suppose -2*o + 8 = 5*a - 12, 5*a = 4*o + 20. Suppose t - h - 12 = 0, a*t - 62 = 5*h - 11. What is the remainder when t is divided by 6?
3
Let z(f) = 2*f**2 - 4*f + 26. Let y be z(6). Let l = y - 51. Calculate the remainder when 66 is divided by l.
20
Let z = 12 + 65. Calculate the remainder when z is divided by 13.
12
Let b = 2 - 124. Let h = -65 - b. Calculate the remainder when h is divided by 15.
12
Let u(y) = -y**2 - 46*y + 5. What is the remainder when 302 is divided by u(-46)?
2
Suppose 6*n = -14*n + 400. What is the remainder when 64 is divided by n?
4
Let k be 3/1 - (1 - 0). Let f = 15 + k. What is the remainder when 99 is divided by f?
14
Let g(z) = -z + 39. Calculate the remainder when 117 is divided by g(9).
27
Suppose -39 = -3*c + 3*i, -3*c - 2*c + i + 57 = 0. Let w = -6 + 15. Suppose 0 = -k - w + 41. Calculate the remainder when k is divided by c.
10
Let n be -2 + 2/3*9. Suppose n*y - 55 = -7. Calculate the remainder when y is divided by 7.
5
Calculate the remainder when 32 is divided by 845/25 + -4 + 22/110.
2
Calculate the remainder when 0/(-3) + -3 + 34 is divided by (-15)/6*480/(-75).
15
Suppose -11*n + 12*n = 37. Suppose 33 = 5*l - n. What is the remainder when 10/35 - 278/(-7) is divided by l?
12
Suppose 0*n = 4*n + 212. Let a = -29 - n. Calculate the remainder when 320/a*(-45)/(-12) is divided by 13.
11
Let i = 13 - 11. Let o be -1*(-7)/((-14)/(-24)). Suppose 8 = 4*j - o. What is the remainder when j is divided by i?
1
Let m be (-2)/10 - 8/(-40). Let d = m - -40. Calculate the remainder when d is divided by 7.
5
Suppose 1 = -10*c + 9*c. Let d = 118 + -59. What is the remainder when d is divided by (11 - -4 - c) + -1?
14
Suppose 2*b + 3*b = -40. What is the remainder when 13 is divided by 10/(-15)*(b - -2)?
1
Let k(q) be the second derivative of -q**3/6 + 11*q**2/2 + 17*q. What is the remainder when 124 is divided by k(-14)?
24
Suppose 0 = u - 11 + 6. Suppose 2*w + u*o - 28 = 19, 5*o - 69 = -4*w. What is the remainder when w is divided by 8?
3
Let t = 6 - 6. Suppose t*b = 3*b - k - 782, 0 = 5*k + 10. Suppose 4*g + 0*g = b. Calculate the remainder when g is divided by 22.
21
Let c(y) = y**2 - 12*y + 5. Let z be c(13). Let k(s) = s + 4. Calculate the remainder when k(z) is divided by 12.
10
Calculate the remainder when (-1)/(8/(-6)) - 4772/(-16) is divided by 12.
11
What is the remainder when 657 is divided by 3 + ((-4)/14 - 455/(-49))?
9
Let d(b) = -b**2 + 18*b + 45. What is the remainder when 269 is divided by d(18)?
44
Let v(b) = 18*b - 334. Calculate the remainder when v(26) is divided by 75.
59
What is the remainder when (-4)/(-7) - (-432)/126 - -143 is divided by 26?
17
Let a = 0 + 69. Suppose 2*b = i - 24, 0 = -8*i + 5*i + 4*b + 66. Calculate the remainder when a is divided by i.
15
Let i be (-6 + 6)/(4/1 + -2). Let y(c) = 15*c + 5. Let p(s) = -7*s - 3. Let n(m) = -13*p(m) - 6*y(m). What is the remainder when n(i) is divided by 4?
1
Let w = 9 - 4. Suppose 0 = -6*s + w*s. Let y(v) = -v**3 + 18. Calculate the remainder when y(s) is divided by 10.
8
Suppose -60 = 32*g - 29*g. Suppose -3*r - 48 - 45 = 0. Let c = g - r. Calculate the remainder when 32 is divided by c.
10
Let m = -79 - -97. What is the remainder when 141 is divided by m?
15
Suppose 0*a = 2*a + 6, p - a = 9. Suppose -z + 2*r + 15 = 0, 3*z - p - 4 = -r. What is the remainder when 9 is divided by z?
4
Suppose -12 = -3*y - 9. Let l be (-3)/((-3)/(-6) - y). Let t = 7 + l. What is the remainder when 62 is divided by t?
10
Suppose 15*a = 7*a + 16. What is the remainder when 58 is divided by (a/(-6))/((-5)/315)?
16
Let d(f) = f**2 - 14*f + 13. Let b be d(13). Suppose -n - 69 - 136 = b. What is the remainder when 19 is divided by n/(-20) - (-2)/(-8)?
9
Let c(z) = 9*z + 125. Calculate the remainder when c(-7) is divided by 30.
2
Suppose 5*l - 385 = -0*l. Let b(h) = h + 13. Calculate the remainder when l is divided by b(0).
12
Suppose 0 = 13*r - 5*r - 256. Calculate the remainder when 4 is divided by r/18 + (-4)/(-18).
0
Let v(d) = 39*d**2 + 2*d + 1. Suppose 3*j = 15, -3*c - 8 = -4*j - 60. What is the remainder when v(-1) is divided by c?
14
Suppose -4*r = -5*r + 4, -85 = -z - 5*r. Calculate the remainder when z + (-4 - -3) + 1 is divided by (-207)/(-9) - (1 + 0).
21
Let n = -1388 - -1415. What is the remainder when 404 is divided by n?
26
Let w be (-20)/(-70) + -22*(-95)/(-14). Let m = w - -250. What is the remainder when m is divided by 36?
29
Suppose -10*u = -90 + 40. Suppose -u*n + 3*n + 98 = 0. Calculate the remainder when 93 is divided by n.
44
Let k(t) = -2*t**2 + 12*t - 10. Let c be ((-1)/2)/((-1)/8). What is the remainder when k(c) is divided by 4?
2
Suppose 0*b + 126 = b - 3*h, -3*b = 2*h - 323. What is the remainder when 1551 is divided by b?
108
Let k(q